se 3, what is -11122 + 2210?
-1212
In base 13, what is 1 + 21016?
21017
In base 13, what is -330b3 + -3?
-330b6
In base 8, what is -1432 - -72?
-1340
In base 12, what is 3 - 60710?
-60709
In base 9, what is 5 + -36427?
-36422
In base 15, what is 1c171 + -c?
1c164
In base 2, what is 10000 - 101101111010?
-101101101010
In base 14, what is -626 - a?
-632
In base 13, what is 21 - -897?
8b8
In base 2, what is 1100110101011 - 110011100?
1100000001111
In base 4, what is -21 - -1331132?
1331111
In base 8, what is 15 + -203161?
-203144
In base 16, what is -2135 - -d7?
-205e
In base 15, what is -28a + -97b?
-c16
In base 4, what is 111 + -1322010?
-1321233
In base 8, what is 116050 - 46?
116002
In base 11, what is 139 - 363?
-225
In base 8, what is 3 + -31072?
-31067
In base 14, what is -5ab5 - 0?
-5ab5
In base 9, what is 8314 + 14?
8328
In base 15, what is -39 + -23735?
-2376e
In base 10, what is 4955 - -79?
5034
In base 5, what is -40201 + -121?
-40322
In base 11, what is 165 + -863?
-6a9
In base 9, what is 0 - 25100?
-25100
In base 14, what is -8821d - 5?
-88224
In base 14, what is b969 + 7?
b972
In base 14, what is -13936 - -1?
-13935
In base 2, what is 11 - 1111001001010001100?
-1111001001010001001
In base 7, what is -3 + 253423?
253420
In base 16, what is 28ff38 + 3?
28ff3b
In base 2, what is -10010011 + 110000001?
11101110
In base 8, what is -1146 + 14?
-1132
In base 10, what is -47867 - -16?
-47851
In base 5, what is -1 + -111443?
-111444
In base 14, what is -a268 + ba?
-a18c
In base 15, what is -5 + 127390?
12738a
In base 2, what is 10111 + 11000111011?
11001010010
In base 4, what is -100232211 - 100?
-100232311
In base 5, what is 1 + -13424341?
-13424340
In base 3, what is 201210221101 - 1?
201210221100
In base 4, what is 3 + 1203031131?
1203031200
In base 10, what is -24801 - 95?
-24896
In base 9, what is -7454 + 14?
-7440
In base 9, what is -384486 - 4?
-384501
In base 16, what is 5ea9 + 0?
5ea9
In base 2, what is -10100 + -1000101110101?
-1000110001001
In base 11, what is -10 - 194?
-1a4
In base 6, what is 44430 - 12?
44414
In base 5, what is 311 - -1330302?
1331113
In base 7, what is 24 - 1233545?
-1233521
In base 6, what is 300100 - -10?
300110
In base 6, what is 2201315 + 4?
2201323
In base 16, what is 2 - -dd517?
dd519
In base 6, what is 5131 - 3?
5124
In base 15, what is -25 + 9a6?
981
In base 7, what is 110 + 611?
1021
In base 5, what is -10 - 20414?
-20424
In base 10, what is 0 + -159495?
-159495
In base 7, what is 1 + 2423212?
2423213
In base 4, what is 11 + -110111232?
-110111221
In base 3, what is 102221 + -21211?
11010
In base 10, what is 41 - 5111?
-5070
In base 13, what is 127 + 1?
128
In base 14, what is 3 - a64?
-a61
In base 6, what is 1 + -534?
-533
In base 2, what is -100101010101100011 + 1100?
-100101010101010111
In base 8, what is 21 - -4362?
4403
In base 9, what is 6067 - -114?
6182
In base 9, what is -32 - -11463?
11431
In base 10, what is -3049 + -3?
-3052
In base 14, what is -5c + 12721?
126a3
In base 15, what is 0 - -3c39?
3c39
In base 4, what is -101 - 100033310?
-100100011
In base 6, what is -2240425 + 113?
-2240312
In base 15, what is 7a + 118?
193
In base 13, what is -33 - -3c86?
3c53
In base 3, what is -10 - 12000120010?
-12000120020
In base 2, what is -1100 - 11100011001?
-11100100101
In base 10, what is 160381 + 2?
160383
In base 5, what is 3 + -34324?
-34321
In base 10, what is -56832 - 54?
-56886
In base 13, what is -b00 + -9?
-b09
In base 4, what is 312303133 - -10?
312303203
In base 3, what is 22221 - 1121021?
-1021100
In base 3, what is 2 - 210222000201?
-210222000122
In base 2, what is 10000 + -100000111111001111?
-100000111110111111
In base 3, what is 22 - -20012222?
20020021
In base 7, what is -10134 + -55?
-10222
In base 13, what is 5 + -1b7b?
-1b76
In base 7, what is -12 + 2060363?
2060351
In base 2, what is -1011 + 10101100100011?
10101100011000
In base 9, what is 152521 - 0?
152521
In base 6, what is 3 + -131100?
-131053
In base 5, what is -42340 + -1023?
-43413
In base 14, what is -31309 + -5?
-31310
In base 14, what is -3723 + -11?
-3734
In base 12, what is -42 - -305?
283
In base 7, what is 46523 + 223?
50046
In base 2, what is 1100110000100001 + -100?
1100110000011101
In base 14, what is -6 + 526b9?
526b3
In base 6, what is -305 + 2025?
1320
In base 2, what is -100010010011101 - 1010010?
-100010011101111
In base 11, what is -3 + 13390?
13388
In base 7, what is 22 + 11223?
11245
In base 11, what is a9 + 8?
106
In base 3, what is -11 - -100122112?
100122101
In base 6, what is -2 - 122450?
-122452
In base 7, what is 3 + 2140033?
2140036
In base 11, what is 21441 - -22?
21463
In base 2, what is -10000101010000010 + -101?
-10000101010000111
In base 5, what is 1202200 + -30?
1202120
In base 6, what is 502 + -2152?
-1250
In base 13, what is 1180 - 66?
1117
In base 2, what is -101111 - -1000000100001?
111111110010
In base 15, what is ecb8 - -11?
ecc9
In base 3, what is 10001122 - -102202?
10111101
In base 7, what is 1661422 - -10?
1661432
In base 13, what is 373b - 1?
373a
In base 12, what is 20 + 2458?
2478
In base 15, what is -5 - 3171?
-3176
In base 4, what is -2010 + 121211?
113201
In base 2, what is 1000110101 - -10010111?
1011001100
In base 14, what is 137 + 14?
14b
In base 3, what is -20110120 + 1002?
-20102111
In base 12, what is -5a + 394?
336
In base 2, what is -100001001111 - 10001?
-100001100000
In base 7, what is 3145651 - 5?
3145643
In base 6, what is 143220 - -2151?
145411
In base 9, what is 340 - -1135?
1475
In base 6, what is -1120153 - 1?
-1120154
In base 7, what is -5 - 211625?
-211633
In base 6, what is -44132 - -325?
-43403
In base 8, what is -4 - 120600?
-120604
In base 6, what is -10052 + -4201?
-14253
In base 11, what is -252a - 35?
-2564
In base 7, what is 36015 + -100?
35615
In base 11, what is 234 - 223?
11
In base 14, what is -a98b9 + -8?
-a98c3
In base 4, what is -113303 + 0?
-113303
In base 9, what is 335350 - -2?
335352
In base 16, what is 9 + -1293?
-128a
In base 4, what is 21 + 331220311?
331220332
In base 15, what is -9d16d - 5?
-9d173
In base 14, what is d7681 - -5?
d7686
In base 2, what is 1001111010111011 - 1?
1001111010111010
In base 11, what is 4 + 2a78?
2a81
In base 6, what is 13551 - -10032?
24023
In base 5, what is -111 + 11204202?
11204041
In base 4, what is 21032 - -3103?
30201
In base 4, what is 1031 - -3332?
11023
In base 9, what is -2 - -171413?
171411
In base 3, what is 112101 + -20000?
22101
In base 16, what is -20c073 + 0?
-20c073
In base 16, what is 4 - -1c6d?
1c71
In base 5, what is -2 + -431412?
-431414
In base 15, what is 4ab - c4?
3d7
In base 16, what is -1 - 4667?
-4668
In base 10, what is -5 - 1394305?
-1394310
In base 9, what is 2 - 276074?
-276072
In base 4, what is 13 + 1020203?
1020222
In base 3, what is -2120020 - -2120?
-2110200
In base 2, what is 100000010 - 1100010?
10100000
In base 7, what is -115 - -60466?
60351
In base 3, what is -10202 + 1210200?
1122221
In base 14, what is -ab7d9 - 4?
-ab7dd
In base 12, what is -5a8 + -2062?
-264a
In base 15, what is 2bd + 133?
401
In base 12, what is -1810 + -b?
-181b
In base 6, what is 41 + -22515?
-22434
In base 9, what is 266 + 28828?
30205
In base 14, what is 5 + 4028c?
40293
In base 10, what is 1748 + -460?
1288
In base 16, what is -12 + 633d?
632b
In base 9, what is -166 - 1?
-167
In base 13, what is -6b8 + -28?
-713
In base 4, what is 3 - 11230113?
-11230110
In base 2, what is -1 - -11000101101010?
11000101101001
In base 9, what is 663 - 45?
617
In base 11, what is -6 + -56866?
-56871
In base 3, what is 11201200002 + -1110?
11201121122
In base 13, what is -167004 - 0?
-167004
In base 6, what is -1154 + 2213?
1015
In base 2, what is -101000011111011111 + -10001?
-101000011111110000
In base 13, what is -1a9ca9 - -2?
-1a9ca7
In base 9, what is 106710 - 42?
106657
In base 11, what is 44 + 23828?
23871
In base 3, what is -102011211 - 0?
-102011211
In base 15, what is 142c5 - 5?
142c0
In base 8, what is -775131 + -1?
-775132
In base 16, what is -1 + 14fafc?
14fafb
In base 5, what is -10 + 112441?
112431
In base 5, what is 22 - -2421011?
2421033
In base 16, what is -9a8e + 12?
-9a7c
In base 5, what is -1214022332 - 10?
-1214022342
In base 11, what is -61a13 - -4?
-61a0a
In base 11, what is -2075